{"id":31430,"date":"2026-02-25T16:12:16","date_gmt":"2026-02-25T16:12:16","guid":{"rendered":"https:\/\/portaspravida.com\/?post_type=product&#038;p=31430"},"modified":"2026-02-25T16:15:24","modified_gmt":"2026-02-25T16:15:24","slug":"cadeira-em-madeira-com-assento-em-corda","status":"publish","type":"product","link":"https:\/\/portaspravida.com\/en\/product\/cadeira-em-madeira-com-assento-em-corda\/","title":{"rendered":"1.1 &#8211; Cadeira em Madeira com Assento em Corda"},"content":{"rendered":"<p data-start=\"187\" data-end=\"384\">Cadeira artesanal em madeira maci\u00e7a, com design simples e intemporal. O assento \u00e9 feito manualmente em corda entran\u00e7ada, proporcionando conforto, resist\u00eancia e um acabamento natural muito elegante.<\/p>\n<p data-start=\"386\" data-end=\"517\">Ideal para quarto infantil, decora\u00e7\u00e3o, hall de entrada ou como pe\u00e7a decorativa em ambientes r\u00fasticos, escandinavos ou minimalistas.<\/p>\n<p data-start=\"519\" data-end=\"640\">A combina\u00e7\u00e3o da madeira em tom quente com o assento em corda cria um equil\u00edbrio perfeito entre funcionalidade e est\u00e9tica.<\/p>\n<p data-start=\"642\" data-end=\"664\"><strong data-start=\"642\" data-end=\"662\">Caracter\u00edsticas:<\/strong><\/p>\n<ul data-start=\"665\" data-end=\"802\">\n<li data-start=\"665\" data-end=\"689\">\n<p data-start=\"667\" data-end=\"689\">Estrutura em madeira<\/p>\n<\/li>\n<li data-start=\"690\" data-end=\"727\">\n<p data-start=\"692\" data-end=\"727\">Assento em corda entran\u00e7ada \u00e0 m\u00e3o<\/p>\n<\/li>\n<li data-start=\"728\" data-end=\"756\">\n<p data-start=\"730\" data-end=\"756\">Estilo r\u00fastico e moderno<\/p>\n<\/li>\n<li data-start=\"757\" data-end=\"783\">\n<p data-start=\"759\" data-end=\"783\">Resistente e funcional<\/p>\n<\/li>\n<li data-start=\"784\" data-end=\"802\">\n<p data-start=\"786\" data-end=\"802\">Pe\u00e7a artesanal<\/p>\n<\/li>\n<\/ul>\n<p data-start=\"804\" data-end=\"887\">Uma pe\u00e7a vers\u00e1til que combina com qualquer espa\u00e7o e traz aconchego ao ambiente.<\/p>","protected":false},"excerpt":{"rendered":"<p>Trabalho realizado pelos utentes: <strong>Lurdes Duarte Alexandre Vieira\u00a0 Daniel Sousa\u00a0 V\u00edtor Ant\u00f3nio\u00a0 Filipe Soares.<\/strong><\/p>","protected":false},"featured_media":31454,"template":"","meta":{"_themeisle_gutenberg_block_has_review":false,"wds_primary_product_brand":0,"wds_primary_product_cat":0},"product_brand":[],"product_cat":[35],"product_tag":[],"class_list":{"0":"post-31430","1":"product","2":"type-product","3":"status-publish","4":"has-post-thumbnail","6":"product_cat-carpintaria","8":"first","9":"instock","10":"sold-individually","11":"shipping-taxable","12":"purchasable","13":"product-type-simple"},"_links":{"self":[{"href":"https:\/\/portaspravida.com\/en\/wp-json\/wp\/v2\/product\/31430","targetHints":{"allow":["GET"]}}],"collection":[{"href":"https:\/\/portaspravida.com\/en\/wp-json\/wp\/v2\/product"}],"about":[{"href":"https:\/\/portaspravida.com\/en\/wp-json\/wp\/v2\/types\/product"}],"wp:featuredmedia":[{"embeddable":true,"href":"https:\/\/portaspravida.com\/en\/wp-json\/wp\/v2\/media\/31454"}],"wp:attachment":[{"href":"https:\/\/portaspravida.com\/en\/wp-json\/wp\/v2\/media?parent=31430"}],"wp:term":[{"taxonomy":"product_brand","embeddable":true,"href":"https:\/\/portaspravida.com\/en\/wp-json\/wp\/v2\/product_brand?post=31430"},{"taxonomy":"product_cat","embeddable":true,"href":"https:\/\/portaspravida.com\/en\/wp-json\/wp\/v2\/product_cat?post=31430"},{"taxonomy":"product_tag","embeddable":true,"href":"https:\/\/portaspravida.com\/en\/wp-json\/wp\/v2\/product_tag?post=31430"}],"curies":[{"name":"wp","href":"https:\/\/api.w.org\/{rel}","templated":true}]}}

<p data-start="187" data-end="384">Cadeira artesanal em madeira maciça, com design simples e intemporal. O assento é feito manualmente em corda entrançada, proporcionando conforto, resistência e um acabamento natural muito elegante.</p>
<p data-start="386" data-end="517">Ideal para quarto infantil, decoração, hall de entrada ou como peça decorativa em ambientes rústicos, escandinavos ou minimalistas.</p>
<p data-start="519" data-end="640">A combinação da madeira em tom quente com o assento em corda cria um equilíbrio perfeito entre funcionalidade e estética.</p>
<p data-start="642" data-end="664"><strong data-start="642" data-end="662">Características:</strong></p>
<ul data-start="665" data-end="802">
<li data-start="665" data-end="689">
<p data-start="667" data-end="689">Estrutura em madeira</p>
</li>
<li data-start="690" data-end="727">
<p data-start="692" data-end="727">Assento em corda entrançada à mão</p>
</li>
<li data-start="728" data-end="756">
<p data-start="730" data-end="756">Estilo rústico e moderno</p>
</li>
<li data-start="757" data-end="783">
<p data-start="759" data-end="783">Resistente e funcional</p>
</li>
<li data-start="784" data-end="802">
<p data-start="786" data-end="802">Peça artesanal</p>
</li>
</ul>
<p data-start="804" data-end="887">Uma peça versátil que combina com qualquer espaço e traz aconchego ao ambiente.</p>

<p>Trabalho realizado pelos utentes: <strong>Lurdes Duarte Alexandre Vieira  Daniel Sousa  Vítor António  Filipe Soares.</strong></p>
